visor of 10 and 2710.
10
What is the highest common factor of 4 and 2916?
4
What is the greatest common divisor of 40 and 1530?
10
What is the greatest common factor of 10612 and 28?
28
Calculate the greatest common factor of 1300 and 104.
52
What is the greatest common divisor of 2916 and 8100?
324
What is the highest common factor of 1677 and 39?
39
Calculate the greatest common factor of 6 and 262.
2
Calculate the highest common divisor of 46 and 92.
46
Calculate the greatest common factor of 170 and 450.
10
Calculate the highest common factor of 720 and 48.
48
Calculate the greatest common factor of 493 and 425.
17
Calculate the greatest common divisor of 504 and 9702.
126
Calculate the greatest common divisor of 15 and 40.
5
What is the highest common factor of 77 and 10219?
11
What is the greatest common divisor of 1696 and 53?
53
Calculate the greatest common divisor of 3014 and 198.
22
Calculate the highest common divisor of 780 and 540.
60
What is the highest common factor of 984 and 72?
24
What is the greatest common divisor of 10 and 45?
5
What is the greatest common divisor of 1584 and 308?
44
What is the greatest common divisor of 1649 and 97?
97
Calculate the highest common factor of 49 and 77.
7
What is the greatest common factor of 366 and 12?
6
Calculate the greatest common divisor of 3430 and 10.
10
What is the highest common factor of 1980 and 2?
2
What is the highest common factor of 88 and 121?
11
What is the greatest common factor of 259 and 7?
7
Calculate the highest common divisor of 126 and 350.
14
Calculate the highest common factor of 195 and 7020.
195
Calculate the greatest common factor of 80 and 96.
16
Calculate the greatest common factor of 728 and 1638.
182
Calculate the highest common divisor of 35 and 65.
5
What is the highest common divisor of 264 and 4728?
24
What is the highest common divisor of 27 and 9171?
9
What is the greatest common factor of 276 and 12?
12
What is the greatest common divisor of 2224 and 112?
16
Calculate the highest common factor of 21 and 282.
3
What is the highest common factor of 8378 and 142?
142
Calculate the highest common divisor of 5064 and 24.
24
Calculate the highest common divisor of 60 and 20760.
60
What is the highest common divisor of 44 and 6963?
11
What is the greatest common factor of 20 and 730?
10
Calculate the greatest common factor of 452 and 10622.
226
Calculate the greatest common divisor of 96 and 2400.
96
What is the greatest common factor of 525 and 42?
21
Calculate the highest common divisor of 714 and 154.
14
Calculate the highest common factor of 75 and 159.
3
What is the highest common divisor of 1411 and 85?
17
Calculate the greatest common divisor of 2862 and 108.
54
Calculate the highest common divisor of 44 and 7997.
11
What is the greatest common factor of 306 and 136?
34
Calculate the highest common factor of 4842 and 72.
18
Calculate the greatest common divisor of 1462 and 136.
34
What is the highest common factor of 806 and 248?
62
Calculate the highest common divisor of 3510 and 1430.
130
What is the highest common factor of 209 and 38?
19
Calculate the highest common divisor of 25 and 25.
25
What is the greatest common divisor of 4134 and 78?
78
What is the highest common divisor of 1067 and 1903?
11
What is the greatest common divisor of 46 and 437?
23
Calculate the highest common divisor of 156 and 507.
39
What is the greatest common factor of 247 and 338?
13
What is the greatest common divisor of 142 and 2911?
71
Calculate the greatest common divisor of 15 and 885.
15
Calculate the highest common divisor of 9414 and 18.
18
Calculate the highest common factor of 15 and 40.
5
What is the greatest common factor of 3555 and 135?
45
Calculate the greatest common factor of 7 and 24297.
7
What is the highest common divisor of 2706 and 328?
82
Calculate the greatest common factor of 137 and 3151.
137
What is the greatest common factor of 1872 and 663?
39
What is the greatest common factor of 74 and 333?
37
What is the greatest common divisor of 41 and 3?
1
Calculate the greatest common divisor of 2150 and 450.
50
What is the greatest common factor of 868 and 28?
28
What is the highest common divisor of 72 and 18180?
36
What is the greatest common divisor of 675 and 18?
9
Calculate the greatest common divisor of 638 and 116.
58
Calculate the greatest common divisor of 266 and 152.
38
What is the greatest common factor of 224 and 8?
8
Calculate the highest common factor of 3088 and 2123.
193
Calculate the greatest common divisor of 32690 and 42.
14
Calculate the greatest common factor of 162 and 2592.
162
Calculate the highest common divisor of 147 and 42.
21
What is the greatest common factor of 12352 and 16?
16
Calculate the greatest common factor of 224 and 56.
56
What is the highest common divisor of 6 and 1014?
6
What is the greatest common divisor of 533 and 26?
13
Calculate the greatest common factor of 3 and 183.
3
Calculate the highest common factor of 8 and 19.
1
What is the highest common divisor of 21 and 432?
3
Calculate the highest common factor of 2033 and 1712.
107
What is the highest common factor of 2034 and 5650?
226
What is the greatest common divisor of 95 and 1007?
19
What is the highest common factor of 224 and 32?
32
Calculate the highest common divisor of 1210 and 165.
55
What is the highest common factor of 136 and 56?
8
What is the highest common divisor of 1560 and 180?
60
What is the highest common factor of 2431 and 357?
17
Calculate the highest common divisor of 39 and 39.
39
What is the highest common divisor of 10 and 2920?
10
What is the highest common factor of 23807 and 179?
179
What is the greatest common factor of 44 and 16?
4
Calculate the highest common divisor of 15 and 2595.
15
What is the highest common divisor of 357 and 21?
21
What is the greatest common divisor of 804 and 252?
12
Calculate the highest common divisor of 112 and 35.
7
Calculate the greatest common divisor of 2318 and 171.
19
What is the greatest common factor of 88 and 4?
4
What is the greatest common divisor of 7 and 119?
7
Calculate the highest common factor of 44 and 968.
44
What is the greatest common divisor of 1003 and 1121?
59
Calculate the highest common factor of 1328 and 747.
83
What is the highest common divisor of 31 and 5?
1
What is the greatest common factor of 10 and 1570?
10
What is the highest common factor of 552 and 24?
24
What is the highest common divisor of 88 and 374?
22
What is the greatest common factor of 7625 and 150?
25
What is the greatest common factor of 244 and 16?
4
Calculate the greatest common divisor of 26 and 2808.
26
Calculate the highest common factor of 912 and 48.
48
What is the highest common divisor of 1445 and 5?
5
Calculate the greatest common divisor of 1675 and 50.
25
What is the greatest common divisor of 22 and 4972?
22
Calculate the highest common divisor of 2576 and 230.
46
What is the highest common factor of 714 and 56?
14
Calculate the greatest common factor of 4080 and 195.
15
Calculate the highest common factor of 1275 and 2250.
75
What is the highest common divisor of 5368 and 44?
44
Calculate the greatest common divisor of 224 and 16632.
56
What is the greatest common divisor of 39 and 65?
13
Calculate the greatest common divisor of 203 and 29.
29
What is the greatest common factor of 672 and 133?
7
What is the greatest common divisor of 145 and 377?
29
Calculate the greatest common factor of 10 and 30.
10
Calculate the greatest common factor of 88 and 484.
44
What is the highest common divisor of 28 and 602?
14
What is the greatest common divisor of 3 and 1929?
3
What is the highest common divisor of 9401 and 119?
119
What is the highest common factor of 82 and 1107?
41
Calculate the highest common divisor of 8 and 180.
4
Calculate the greatest common divisor of 1919 and 707.
101
Calculate the greatest common divisor of 1680 and 16.
16
What is the highest common factor of 18 and 7677?
9
What is the greatest common factor of 108 and 180?
36
Calculate the greatest common factor of 46 and 113574.
46
What is the highest common factor of 2520 and 765?
45
What is the greatest common divisor of 69 and 552?
69
Calculate the highest common divisor of 4662 and 2442.
222
Calculate the highe